 the prime factors of 39866191.
39866191
What are the prime factors of 51735703?
4679, 11057
What are the prime factors of 49108346?
2, 7, 3507739
What are the prime factors of 98362083?
3, 281, 116681
What are the prime factors of 2313978858?
2, 3, 5081, 25301
List the prime factors of 2093560449.
3, 401, 1740283
What are the prime factors of 780453913?
37, 43, 490543
What are the prime factors of 302325050?
2, 5, 859, 7039
What are the prime factors of 430695453?
3, 143565151
List the prime factors of 2480358.
2, 3, 101, 4093
List the prime factors of 239819532.
2, 3, 67, 298283
List the prime factors of 1799182832.
2, 112448927
List the prime factors of 10694614.
2, 7, 763901
List the prime factors of 99923912.
2, 11, 31, 36629
What are the prime factors of 15874846?
2, 13, 67, 701
What are the prime factors of 5777357?
127, 45491
List the prime factors of 41237424.
2, 3, 47, 677
What are the prime factors of 278532600?
2, 3, 5, 103, 4507
List the prime factors of 149125640.
2, 5, 3728141
What are the prime factors of 868978811?
67, 12969833
List the prime factors of 97634756.
2, 467, 52267
List the prime factors of 22154447.
7, 3164921
List the prime factors of 31604611.
31604611
List the prime factors of 147812695.
5, 3407, 8677
List the prime factors of 16011867.
3, 43, 124123
What are the prime factors of 87997317?
3, 463, 63353
What are the prime factors of 150376447?
13, 89, 129971
List the prime factors of 3770473337.
233, 16182289
List the prime factors of 129379862.
2, 43, 1504417
What are the prime factors of 1762454858?
2, 19, 137, 338543
What are the prime factors of 42423036?
2, 3, 3535253
List the prime factors of 721760982.
2, 3, 509, 236333
List the prime factors of 304972786.
2, 152486393
What are the prime factors of 248952166?
2, 124476083
List the prime factors of 491271806.
2, 245635903
List the prime factors of 9671171.
19, 37, 13757
List the prime factors of 1524319755.
3, 5, 7, 31, 227, 2063
What are the prime factors of 1087313005?
5, 439, 495359
List the prime factors of 1533599588.
2, 41, 9351217
What are the prime factors of 41073295?
5, 31, 193, 1373
What are the prime factors of 2919618?
2, 3, 13, 4159
What are the prime factors of 772910911?
47, 2179, 7547
List the prime factors of 562459398.
2, 3, 8117, 11549
What are the prime factors of 70630239?
3, 19, 1239127
List the prime factors of 794673028.
2, 251, 347, 2281
What are the prime factors of 59650831?
431, 138401
List the prime factors of 24989762.
2, 7, 17, 104999
List the prime factors of 134556056.
2, 29, 579983
What are the prime factors of 1403526224?
2, 29, 3024841
List the prime factors of 18805189.
13, 31, 46663
List the prime factors of 49250021.
49250021
List the prime factors of 282471920.
2, 5, 1777, 1987
What are the prime factors of 30884672?
2, 7, 13, 5303
What are the prime factors of 332982323?
332982323
List the prime factors of 1303618325.
5, 52144733
What are the prime factors of 1654206437?
13, 17, 23, 325439
List the prime factors of 14883124.
2, 3720781
List the prime factors of 59248443.
3, 2657, 7433
List the prime factors of 117915051.
3, 4603, 8539
List the prime factors of 34945354.
2, 541, 32297
What are the prime factors of 16136393?
7, 13, 177323
What are the prime factors of 826486052?
2, 7, 29517359
List the prime factors of 38596395.
3, 5, 31, 83003
What are the prime factors of 281750026?
2, 373, 377681
What are the prime factors of 268941404?
2, 67235351
What are the prime factors of 976383810?
2, 3, 5, 23, 471683
What are the prime factors of 392964867?
3, 23, 61, 31121
List the prime factors of 2103441671.
17, 359, 523, 659
List the prime factors of 3550412941.
19, 307, 608677
What are the prime factors of 1981247121?
3, 7, 61, 57283
What are the prime factors of 145481836?
2, 36370459
What are the prime factors of 127653289?
17, 23, 326479
List the prime factors of 70031050.
2, 5, 61, 22961
List the prime factors of 4265106340.
2, 5, 11, 19386847
List the prime factors of 101884970.
2, 5, 11, 926227
List the prime factors of 24276783.
3, 2803, 2887
What are the prime factors of 173857778?
2, 59, 563, 2617
What are the prime factors of 98307471?
3, 2677, 12241
What are the prime factors of 1238634713?
179, 2143, 3229
What are the prime factors of 2123182085?
5, 769, 552193
What are the prime factors of 7214785?
5, 31, 89, 523
List the prime factors of 307904286.
2, 3, 103, 498227
List the prime factors of 635456893.
997, 637369
What are the prime factors of 62792996?
2, 7, 37, 60611
List the prime factors of 142285531.
1193, 119267
List the prime factors of 4200645520.
2, 5, 37, 1419137
What are the prime factors of 914521425?
3, 5, 12193619
What are the prime factors of 1226937512?
2, 163, 940903
List the prime factors of 73609979.
4561, 16139
List the prime factors of 88893831.
3, 13, 175333
What are the prime factors of 88580030?
2, 5, 7, 11, 17, 67, 101
What are the prime factors of 47501930?
2, 5, 7, 678599
What are the prime factors of 104563937?
29, 3605653
What are the prime factors of 71246581?
7, 10178083
What are the prime factors of 29376359?
23, 1277233
List the prime factors of 258474108.
2, 3, 1039, 20731
What are the prime factors of 2516479846?
2, 30727, 40949
List the prime factors of 5711742.
2, 3, 19, 293
List the prime factors of 24157529.
11, 43, 4643
List the prime factors of 2596971995.
5, 631, 823129
What are the prime factors of 123630684?
2, 3, 1879, 5483
What are the prime factors of 1617181801?
101, 16011701
List the prime factors of 1359654449.
12329, 110281
What are the prime factors of 99713903?
99713903
What are the prime factors of 2005888010?
2, 5, 7, 61, 9587
What are the prime factors of 3704520873?
3, 1234840291
List the prime factors of 119268226.
2, 7, 11, 17, 45557
List the prime factors of 87078687.
3, 1531, 18959
What are the prime factors of 189179779?
37, 97, 52711
List the prime factors of 209572008.
2, 3, 691, 12637
List the prime factors of 862582659.
3, 617, 466009
What are the prime factors of 913711608?
2, 3, 31, 409369
List the prime factors of 2140697880.
2, 3, 5, 709, 8387
What are the prime factors of 74469434?
2, 13, 2864209
List the prime factors of 62640520.
2, 5, 281, 5573
What are the prime factors of 2061844394?
2, 19, 54259063
List the prime factors of 111442553.
111442553
What are the prime factors of 270060211?
270060211
List the prime factors of 225795078.
2, 3, 127, 98773
What are the prime factors of 69569602?
2, 19, 53, 34543
What are the prime factors of 31009307?
7, 632843
List the prime factors of 27283429.
59, 163, 2837
List the prime factors of 144547130.
2, 5, 7, 13, 158843
List the prime factors of 1271022464.
2, 9929863
What are the prime factors of 11693726?
2, 11, 461, 1153
List the prime factors of 254471478.
2, 3, 42411913
What are the prime factors of 46867550?
2, 5, 937351
What are the prime factors of 385702590?
2, 3, 5, 7, 13, 141283
List the prime factors of 483920716.
2, 137, 139, 6353
List the prime factors of 1067481762.
2, 3, 177913627
What are the prime factors of 226016523?
3, 25112947
What are the prime factors of 56501456?
2, 11, 321031
List the prime factors of 54513902.
2, 83, 328397
List the prime factors of 421046634.
2, 3, 1811, 38749
What are the prime factors of 4041843898?
2, 269, 7512721
List the prime factors of 63707076.
2, 3, 19, 93139
List the prime factors of 120944297.
29, 4170493
What are the prime factors of 75752848?
2, 19, 249187
What are the prime factors of 53185008?
2, 3, 1108021
List the prime factors of 624844778.
2, 9769, 31981
What are the prime factors of 4861680389?
4861680389
List the prime factors of 3698097491.
11, 336190681
List the prime factors of 808277535.
3, 5, 13, 73, 701
List the prime factors of 2321941823.
101, 22989523
List the prime factors of 5097524509.
7, 11, 3361, 19697
What are the prime factors of 217594575?
3, 5, 11, 87917
What are the prime factors of 455297224?
2, 79, 720407
List the prime factors of 7587435416.
2, 11, 29, 397, 7489
What are the prime factors of 132942060?
2, 3, 5, 137, 599
What are the prime factors of 231237978?
2, 3, 17, 593, 3823
What are the prime factors of 1481700362?
2, 740850181
List the prime factors of 2613123321.
3, 5189, 167863
List the pri